{"id":18,"date":"2022-07-11T03:26:42","date_gmt":"2022-07-11T03:26:42","guid":{"rendered":"https:\/\/corporativojjloc.com.mx\/?page_id=18"},"modified":"2022-07-11T05:39:19","modified_gmt":"2022-07-11T05:39:19","slug":"servicios","status":"publish","type":"page","link":"https:\/\/corporativojjloc.com.mx\/?page_id=18","title":{"rendered":"Servicios"},"content":{"rendered":"\n<h2>Lo que ofrecemos<\/h2>\n\n\n\n<hr class=\"wp-block-separator has-alpha-channel-opacity is-style-wide\"\/>\n\n\n\n<div class=\"wp-block-media-text alignwide is-stacked-on-mobile is-vertically-aligned-center is-image-fill\" style=\"grid-template-columns:56% auto\"><figure class=\"wp-block-media-text__media\" style=\"background-image:url(https:\/\/corporativojjloc.com.mx\/wp-content\/uploads\/2022\/07\/3170-scaled-1-1024x683.jpg);background-position:50% 50%\"><img fetchpriority=\"high\" decoding=\"async\" width=\"1024\" height=\"683\" src=\"https:\/\/corporativojjloc.com.mx\/wp-content\/uploads\/2022\/07\/3170-scaled-1-1024x683.jpg\" alt=\"\" class=\"wp-image-54 size-full\" srcset=\"https:\/\/corporativojjloc.com.mx\/wp-content\/uploads\/2022\/07\/3170-scaled-1-1024x683.jpg 1024w, https:\/\/corporativojjloc.com.mx\/wp-content\/uploads\/2022\/07\/3170-scaled-1-300x200.jpg 300w, https:\/\/corporativojjloc.com.mx\/wp-content\/uploads\/2022\/07\/3170-scaled-1-768x512.jpg 768w, https:\/\/corporativojjloc.com.mx\/wp-content\/uploads\/2022\/07\/3170-scaled-1-1536x1024.jpg 1536w, https:\/\/corporativojjloc.com.mx\/wp-content\/uploads\/2022\/07\/3170-scaled-1-2048x1366.jpg 2048w\" sizes=\"(max-width: 1024px) 100vw, 1024px\" \/><\/figure><div class=\"wp-block-media-text__content\">\n<ul id=\"block-c464ef5f-5471-4c67-b925-875f973f6230\"><li>Servicios Contables<\/li><li>Servicios de c\u00e1lculo de n\u00f3mina<\/li><li>Servicios de presentaci\u00f3n de impuestos<\/li><li>Automatizaci\u00f3n de contabilidad<\/li><li>Administraci\u00f3n Completa<\/li><li>Facturaci\u00f3n y cuentas por cobrar<\/li><\/ul>\n<\/div><\/div>\n","protected":false},"excerpt":{"rendered":"<p>Lo que ofrecemos Servicios Contables Servicios de c\u00e1lculo de n\u00f3mina Servicios de presentaci\u00f3n de impuestos Automatizaci\u00f3n de contabilidad Administraci\u00f3n Completa Facturaci\u00f3n y cuentas por cobrar<\/p>\n","protected":false},"author":1,"featured_media":0,"parent":0,"menu_order":0,"comment_status":"closed","ping_status":"closed","template":"","meta":[],"_links":{"self":[{"href":"https:\/\/corporativojjloc.com.mx\/index.php?rest_route=\/wp\/v2\/pages\/18"}],"collection":[{"href":"https:\/\/corporativojjloc.com.mx\/index.php?rest_route=\/wp\/v2\/pages"}],"about":[{"href":"https:\/\/corporativojjloc.com.mx\/index.php?rest_route=\/wp\/v2\/types\/page"}],"author":[{"embeddable":true,"href":"https:\/\/corporativojjloc.com.mx\/index.php?rest_route=\/wp\/v2\/users\/1"}],"replies":[{"embeddable":true,"href":"https:\/\/corporativojjloc.com.mx\/index.php?rest_route=%2Fwp%2Fv2%2Fcomments&post=18"}],"version-history":[{"count":8,"href":"https:\/\/corporativojjloc.com.mx\/index.php?rest_route=\/wp\/v2\/pages\/18\/revisions"}],"predecessor-version":[{"id":60,"href":"https:\/\/corporativojjloc.com.mx\/index.php?rest_route=\/wp\/v2\/pages\/18\/revisions\/60"}],"wp:attachment":[{"href":"https:\/\/corporativojjloc.com.mx\/index.php?rest_route=%2Fwp%2Fv2%2Fmedia&parent=18"}],"curies":[{"name":"wp","href":"https:\/\/api.w.org\/{rel}","templated":true}]}}